{"id":7454,"date":"2024-09-10T13:05:05","date_gmt":"2024-09-10T11:05:05","guid":{"rendered":"https:\/\/optoel.es\/2025\/?page_id=7454"},"modified":"2025-06-26T09:54:15","modified_gmt":"2025-06-26T07:54:15","slug":"comite-cientifico","status":"publish","type":"page","link":"https:\/\/optoel.es\/2025\/comite-cientifico\/","title":{"rendered":"Comit\u00e9 Cient\u00edfico"},"content":{"rendered":"\t\t<div data-elementor-type=\"wp-page\" data-elementor-id=\"7454\" class=\"elementor elementor-7454\">\n\t\t\t\t\t\t<section class=\"elementor-section elementor-top-section elementor-element elementor-element-b7603c1 elementor-section-stretched elementor-section-full_width elementor-section-height-default elementor-section-height-default elementor-section-column-vertical-align-stretch\" data-id=\"b7603c1\" data-element_type=\"section\" data-settings=\"{&quot;stretch_section&quot;:&quot;section-stretched&quot;,&quot;background_background&quot;:&quot;classic&quot;}\">\n\t\t\t\t\t\t\t<div class=\"elementor-background-overlay\"><\/div>\n\t\t\t\t\t\t\t<div class=\"elementor-container elementor-column-gap-no\">\n\t\t\t\t\t<div class=\"elementor-column elementor-col-100 elementor-top-column elementor-element elementor-element-9ed3833\" data-id=\"9ed3833\" data-element_type=\"column\" data-settings=\"{&quot;background_background&quot;:&quot;classic&quot;}\">\n\t\t\t<div class=\"elementor-widget-wrap elementor-element-populated\">\n\t\t\t\t\t<div class=\"elementor-background-overlay\"><\/div>\n\t\t\t\t<div class=\"elementor-element elementor-element-4431e0d e-flex e-con-boxed e-con e-parent\" data-id=\"4431e0d\" data-element_type=\"container\">\n\t\t\t\t\t<div class=\"e-con-inner\">\n\t\t\t\t<div class=\"elementor-element elementor-element-06e74fb elementor-widget__width-inherit elementor-invisible elementor-widget elementor-widget-tm-heading\" data-id=\"06e74fb\" data-element_type=\"widget\" data-settings=\"{&quot;_animation&quot;:&quot;fadeIn&quot;}\" data-widget_type=\"tm-heading.default\">\n\t\t\t\t<div class=\"elementor-widget-container\">\n\t\t\t\t\t<div class=\"tm-modern-heading\">\n\t\t\t\t\t<div class=\"heading-secondary-wrap\">\n\t\t\t<h3 class=\"heading-secondary elementor-heading-title\">EL CONGRESO<\/h3>\t\t<\/div>\n\t\t\n\t\t\t\t\t<div class=\"heading-primary-wrap\">\n\t\t\t<h2 class=\"heading-primary elementor-heading-title\">Comit\u00e9 Cient\u00edfico<\/h2>\t\t<\/div>\n\t\t\n\t\t\t\n\t\t\t\t\t<\/div>\n\t\t\t\t<\/div>\n\t\t\t\t<\/div>\n\t\t\t\t\t<\/div>\n\t\t\t\t<\/div>\n\t\t\t\t\t<\/div>\n\t\t<\/div>\n\t\t\t\t\t<\/div>\n\t\t<\/section>\n\t\t<div class=\"elementor-element elementor-element-f0958b2 e-flex e-con-boxed elementor-invisible e-con e-parent\" data-id=\"f0958b2\" data-element_type=\"container\" data-settings=\"{&quot;animation&quot;:&quot;billyFadeInUp&quot;,&quot;animation_mobile&quot;:&quot;none&quot;}\">\n\t\t\t\t\t<div class=\"e-con-inner\">\n\t\t<div class=\"elementor-element elementor-element-1e9c4ce e-con-full e-flex e-con e-child\" data-id=\"1e9c4ce\" data-element_type=\"container\" data-settings=\"{&quot;animation_mobile&quot;:&quot;fadeIn&quot;}\">\n\t\t\t\t<div class=\"elementor-element elementor-element-a1fa1f2 elementor-widget__width-initial elementor-widget elementor-widget-image\" data-id=\"a1fa1f2\" data-element_type=\"widget\" data-widget_type=\"image.default\">\n\t\t\t\t<div class=\"elementor-widget-container\">\n\t\t\t<style>\/*! elementor - v3.22.0 - 26-06-2024 *\/\n.elementor-widget-image{text-align:center}.elementor-widget-image a{display:inline-block}.elementor-widget-image a img[src$=\".svg\"]{width:48px}.elementor-widget-image img{vertical-align:middle;display:inline-block}<\/style>\t\t\t\t\t\t\t\t\t\t<img fetchpriority=\"high\" decoding=\"async\" width=\"640\" height=\"640\" src=\"https:\/\/optoel.es\/2025\/wp-content\/uploads\/2024\/09\/Alejandro-Carballar-1024x1024.jpg\" class=\"attachment-large size-large wp-image-7458\" alt=\"Alejandro Carballar Rinc\u00f3n\" srcset=\"https:\/\/optoel.es\/2025\/wp-content\/uploads\/2024\/09\/Alejandro-Carballar-1024x1024.jpg 1024w, https:\/\/optoel.es\/2025\/wp-content\/uploads\/2024\/09\/Alejandro-Carballar-300x300.jpg 300w, https:\/\/optoel.es\/2025\/wp-content\/uploads\/2024\/09\/Alejandro-Carballar-150x150.jpg 150w, https:\/\/optoel.es\/2025\/wp-content\/uploads\/2024\/09\/Alejandro-Carballar-768x768.jpg 768w, https:\/\/optoel.es\/2025\/wp-content\/uploads\/2024\/09\/Alejandro-Carballar.jpg 1200w\" sizes=\"(max-width: 640px) 100vw, 640px\" \/>\t\t\t\t\t\t\t\t\t\t\t\t\t<\/div>\n\t\t\t\t<\/div>\n\t\t\t\t<div class=\"elementor-element elementor-element-2fcecab elementor-widget elementor-widget-heading\" data-id=\"2fcecab\" data-element_type=\"widget\" data-widget_type=\"heading.default\">\n\t\t\t\t<div class=\"elementor-widget-container\">\n\t\t\t<style>\/*! elementor - v3.22.0 - 26-06-2024 *\/\n.elementor-heading-title{padding:0;margin:0;line-height:1}.elementor-widget-heading .elementor-heading-title[class*=elementor-size-]>a{color:inherit;font-size:inherit;line-height:inherit}.elementor-widget-heading .elementor-heading-title.elementor-size-small{font-size:15px}.elementor-widget-heading .elementor-heading-title.elementor-size-medium{font-size:19px}.elementor-widget-heading .elementor-heading-title.elementor-size-large{font-size:29px}.elementor-widget-heading .elementor-heading-title.elementor-size-xl{font-size:39px}.elementor-widget-heading .elementor-heading-title.elementor-size-xxl{font-size:59px}<\/style><h4 class=\"elementor-heading-title elementor-size-default\">Alejandro Carballar Rinc\u00f3n<\/h4>\t\t<\/div>\n\t\t\t\t<\/div>\n\t\t\t\t<div class=\"elementor-element elementor-element-1460766 elementor-widget elementor-widget-text-editor\" data-id=\"1460766\" data-element_type=\"widget\" data-widget_type=\"text-editor.default\">\n\t\t\t\t<div class=\"elementor-widget-container\">\n\t\t\t<style>\/*! elementor - v3.22.0 - 26-06-2024 *\/\n.elementor-widget-text-editor.elementor-drop-cap-view-stacked .elementor-drop-cap{background-color:#69727d;color:#fff}.elementor-widget-text-editor.elementor-drop-cap-view-framed .elementor-drop-cap{color:#69727d;border:3px solid;background-color:transparent}.elementor-widget-text-editor:not(.elementor-drop-cap-view-default) .elementor-drop-cap{margin-top:8px}.elementor-widget-text-editor:not(.elementor-drop-cap-view-default) .elementor-drop-cap-letter{width:1em;height:1em}.elementor-widget-text-editor .elementor-drop-cap{float:left;text-align:center;line-height:1;font-size:50px}.elementor-widget-text-editor .elementor-drop-cap-letter{display:inline-block}<\/style>\t\t\t\t<p>PRESIDENTE<\/p>\t\t\t\t\t\t<\/div>\n\t\t\t\t<\/div>\n\t\t\t\t<\/div>\n\t\t<div class=\"elementor-element elementor-element-ea6a9d8 e-con-full e-flex e-con e-child\" data-id=\"ea6a9d8\" data-element_type=\"container\" data-settings=\"{&quot;animation_mobile&quot;:&quot;fadeIn&quot;}\">\n\t\t\t\t<div class=\"elementor-element elementor-element-25bef7e elementor-widget__width-initial elementor-widget elementor-widget-image\" data-id=\"25bef7e\" data-element_type=\"widget\" data-widget_type=\"image.default\">\n\t\t\t\t<div class=\"elementor-widget-container\">\n\t\t\t\t\t\t\t\t\t\t\t\t\t<img decoding=\"async\" width=\"640\" height=\"640\" src=\"https:\/\/optoel.es\/2025\/wp-content\/uploads\/2024\/09\/Santiago-Royo-1024x1024.jpg\" class=\"attachment-large size-large wp-image-7457\" alt=\"Santiago Royo Royo\" srcset=\"https:\/\/optoel.es\/2025\/wp-content\/uploads\/2024\/09\/Santiago-Royo-1024x1024.jpg 1024w, https:\/\/optoel.es\/2025\/wp-content\/uploads\/2024\/09\/Santiago-Royo-300x300.jpg 300w, https:\/\/optoel.es\/2025\/wp-content\/uploads\/2024\/09\/Santiago-Royo-150x150.jpg 150w, https:\/\/optoel.es\/2025\/wp-content\/uploads\/2024\/09\/Santiago-Royo-768x768.jpg 768w, https:\/\/optoel.es\/2025\/wp-content\/uploads\/2024\/09\/Santiago-Royo.jpg 1200w\" sizes=\"(max-width: 640px) 100vw, 640px\" \/>\t\t\t\t\t\t\t\t\t\t\t\t\t<\/div>\n\t\t\t\t<\/div>\n\t\t\t\t<div class=\"elementor-element elementor-element-30ce0df elementor-widget elementor-widget-heading\" data-id=\"30ce0df\" data-element_type=\"widget\" data-widget_type=\"heading.default\">\n\t\t\t\t<div class=\"elementor-widget-container\">\n\t\t\t<h4 class=\"elementor-heading-title elementor-size-default\">Santiago Royo Royo<\/h4>\t\t<\/div>\n\t\t\t\t<\/div>\n\t\t\t\t<div class=\"elementor-element elementor-element-d3bad98 elementor-widget elementor-widget-text-editor\" data-id=\"d3bad98\" data-element_type=\"widget\" data-widget_type=\"text-editor.default\">\n\t\t\t\t<div class=\"elementor-widget-container\">\n\t\t\t\t\t\t\t<p>VICEPRESIDENTE<\/p>\t\t\t\t\t\t<\/div>\n\t\t\t\t<\/div>\n\t\t\t\t<\/div>\n\t\t<div class=\"elementor-element elementor-element-0c1d36a e-con-full e-flex e-con e-child\" data-id=\"0c1d36a\" data-element_type=\"container\" data-settings=\"{&quot;animation_mobile&quot;:&quot;fadeIn&quot;}\">\n\t\t\t\t<div class=\"elementor-element elementor-element-c1472a8 elementor-widget__width-initial elementor-widget elementor-widget-image\" data-id=\"c1472a8\" data-element_type=\"widget\" data-widget_type=\"image.default\">\n\t\t\t\t<div class=\"elementor-widget-container\">\n\t\t\t\t\t\t\t\t\t\t\t\t\t<img decoding=\"async\" width=\"512\" height=\"512\" src=\"https:\/\/optoel.es\/2025\/wp-content\/uploads\/2025\/06\/Sonia-Martin-Lopez-2.jpg\" class=\"attachment-large size-large wp-image-8754\" alt=\"\" srcset=\"https:\/\/optoel.es\/2025\/wp-content\/uploads\/2025\/06\/Sonia-Martin-Lopez-2.jpg 512w, https:\/\/optoel.es\/2025\/wp-content\/uploads\/2025\/06\/Sonia-Martin-Lopez-2-300x300.jpg 300w, https:\/\/optoel.es\/2025\/wp-content\/uploads\/2025\/06\/Sonia-Martin-Lopez-2-150x150.jpg 150w\" sizes=\"(max-width: 512px) 100vw, 512px\" \/>\t\t\t\t\t\t\t\t\t\t\t\t\t<\/div>\n\t\t\t\t<\/div>\n\t\t\t\t<div class=\"elementor-element elementor-element-50ecad3 elementor-widget elementor-widget-heading\" data-id=\"50ecad3\" data-element_type=\"widget\" data-widget_type=\"heading.default\">\n\t\t\t\t<div class=\"elementor-widget-container\">\n\t\t\t<h4 class=\"elementor-heading-title elementor-size-default\">Sonia Mart\u00edn L\u00f3pez<\/h4>\t\t<\/div>\n\t\t\t\t<\/div>\n\t\t\t\t<div class=\"elementor-element elementor-element-440567a elementor-widget elementor-widget-text-editor\" data-id=\"440567a\" data-element_type=\"widget\" data-widget_type=\"text-editor.default\">\n\t\t\t\t<div class=\"elementor-widget-container\">\n\t\t\t\t\t\t\t<p>SECRETARIA<\/p>\t\t\t\t\t\t<\/div>\n\t\t\t\t<\/div>\n\t\t\t\t<\/div>\n\t\t\t\t\t<\/div>\n\t\t\t\t<\/div>\n\t\t\t\t<section class=\"elementor-section elementor-top-section elementor-element elementor-element-c5ff234 elementor-section-full_width elementor-section-gap-beside-yes elementor-section-height-default elementor-section-height-default elementor-section-column-vertical-align-stretch elementor-invisible\" data-id=\"c5ff234\" data-element_type=\"section\" data-settings=\"{&quot;animation&quot;:&quot;billyFadeInUp&quot;}\">\n\t\t\t\t\t\t<div class=\"elementor-container elementor-column-gap-extended\">\n\t\t\t\t\t<div class=\"elementor-column elementor-col-100 elementor-top-column elementor-element elementor-element-c606738\" data-id=\"c606738\" data-element_type=\"column\">\n\t\t\t<div class=\"elementor-widget-wrap elementor-element-populated\">\n\t\t\t\t\t\t<div class=\"elementor-element elementor-element-87630a7 elementor-widget elementor-widget-tm-heading\" data-id=\"87630a7\" data-element_type=\"widget\" data-widget_type=\"tm-heading.default\">\n\t\t\t\t<div class=\"elementor-widget-container\">\n\t\t\t\t\t<div class=\"tm-modern-heading\">\n\t\t\t\n\t\t\t\t\t<div class=\"heading-primary-wrap\">\n\t\t\t<h2 class=\"heading-primary elementor-heading-title\"><b>Vocales <\/b>comit\u00e9<\/h2>\t\t<\/div>\n\t\t\n\t\t\t\n\t\t\t\t\t<\/div>\n\t\t\t\t<\/div>\n\t\t\t\t<\/div>\n\t\t\t\t\t<\/div>\n\t\t<\/div>\n\t\t\t\t\t<\/div>\n\t\t<\/section>\n\t\t\t\t<section class=\"elementor-section elementor-top-section elementor-element elementor-element-f3abc04 elementor-section-column-vertical-align-middle elementor-section-boxed elementor-section-gap-beside-yes elementor-section-height-default elementor-section-height-default elementor-section-content-align-center elementor-invisible\" data-id=\"f3abc04\" data-element_type=\"section\" data-settings=\"{&quot;animation&quot;:&quot;billyFadeInUp&quot;}\">\n\t\t\t\t\t\t<div class=\"elementor-container elementor-column-gap-custom\">\n\t\t\t\t\t<div class=\"elementor-column elementor-col-50 elementor-top-column elementor-element elementor-element-ac88235\" data-id=\"ac88235\" data-element_type=\"column\">\n\t\t\t<div class=\"elementor-widget-wrap elementor-element-populated\">\n\t\t\t\t\t\t<div class=\"elementor-element elementor-element-5150338 elementor-widget__width-initial elementor-widget elementor-widget-text-editor\" data-id=\"5150338\" data-element_type=\"widget\" data-widget_type=\"text-editor.default\">\n\t\t\t\t<div class=\"elementor-widget-container\">\n\t\t\t\t\t\t\t<p><b>ALEJANDRO CARBALLAR RINC\u00d3N \u00a0<\/b> \u2013 Universidad de Sevilla<br \/><span style=\"letter-spacing: 0em;\"><b>ANA ISABEL G\u00d3MEZ VARELA <\/b>\u00a0\u2013\u00a0 Universidade de Santiago de Compostela<br \/><\/span><span style=\"letter-spacing: 0em;\"><b>ANTONIO D\u00cdEZ CREMADES<\/b> \u2013 Universitat de Val\u00e8ncia<\/span><span style=\"letter-spacing: 0em;\"><br \/><\/span><span style=\"letter-spacing: 0em;\"><b>ANTONIO PUERTA NOTARIO<\/b> \u2013 Universidad de M\u00e1laga<br \/><\/span><span style=\"letter-spacing: 0em;\"><b>AUGUSTO BEL\u00c9NDEZ V\u00c1ZQUEZ<\/b> \u2013 Universitat d&#8217;Alacant<br \/><\/span><span style=\"letter-spacing: 0em;\"><b>BEATRIZ SANTAMAR\u00cdA FERN\u00c1NDEZ <\/b>\u00a0\u2013 Universidad Polit\u00e9cnica de Madrid<br \/><\/span><span style=\"letter-spacing: 0em;\"><b>CARMEN V\u00c1ZQUEZ GARC\u00cdA<\/b> \u2013 Universidad Carlos III de Madrid<br \/><\/span><span style=\"letter-spacing: 0em; font-weight: bold;\">ENRIQUE CARRETERO CHAMARRO<\/span><span style=\"letter-spacing: 0em;\">\u00a0<\/span><span style=\"letter-spacing: 0em;\">\u2013 Universidad de Zaragoza<br \/><b>FRANCISCO JAVIER BURGOS FERN\u00c1NDEZ<\/b> \u2013\u00a0<\/span>Universitat Polit\u00e8cnica de Catalunya<span style=\"letter-spacing: 0em;\"><br \/><\/span><span style=\"letter-spacing: 0em;\"><b>FRANCISCO JAVIER FRAILE PEL\u00c1EZ<\/b> \u2013 Universidade de Vigo<br \/><\/span><span style=\"letter-spacing: 0em;\"><b>GABRIEL JUNYENT GIRALT<\/b> \u2013 Universitat Polit\u00e8cnica de Catalunya<br \/><\/span><span style=\"font-weight: bold;\">IGNACIO ESQUIVIAS MOSCARD\u00d3<\/span> \u2013 Universidad Polit\u00e9cnica de Madrid<span style=\"letter-spacing: 0em;\"><br \/><\/span><span style=\"letter-spacing: 0em;\"><b>IGNACIO MORENO SORIANO<\/b> \u2013 Universidad Miguel Hern\u00e1ndez de Elche<br \/><\/span><span style=\"letter-spacing: 0em;\"><b>I\u00d1IGO MOLINA FERN\u00c1NDEZ<\/b> \u2013 Universidad de M\u00e1laga<br \/><\/span><span style=\"font-weight: bold;\">JOS\u00c9 ANTONIO L\u00c1ZARO VILLA<\/span>\u00a0\u2013 Universitat Polit\u00e8cnica de Catalunya<span style=\"letter-spacing: 0em;\"><br \/><\/span><span style=\"font-weight: bold;\">JOS\u00c9 MANUEL S\u00c1NCHEZ PENA<\/span>\u00a0\u2013 Universidad Carlos III de Madrid<span style=\"letter-spacing: 0em;\"><br \/><\/span><span style=\"letter-spacing: 0em;\"><b>JOSEBA ZUBIA ZABALLA<\/b> \u2013 Universidad del Pa\u00eds Vasco \/ Euskal Herriko Unibertsitatea<br \/><\/span><span style=\"letter-spacing: 0em;\"><b>JUAN DIEGO ANIA CASTA\u00d1\u00d3N<\/b><\/span>\u00a0\u2013 Instituto de \u00d3ptica, CSIC<\/p><p>\u00a0<\/p>\t\t\t\t\t\t<\/div>\n\t\t\t\t<\/div>\n\t\t\t\t\t<\/div>\n\t\t<\/div>\n\t\t\t\t<div class=\"elementor-column elementor-col-50 elementor-top-column elementor-element elementor-element-7a4959d\" data-id=\"7a4959d\" data-element_type=\"column\">\n\t\t\t<div class=\"elementor-widget-wrap elementor-element-populated\">\n\t\t\t\t\t\t<div class=\"elementor-element elementor-element-8dfd1e6 elementor-widget__width-initial elementor-widget elementor-widget-text-editor\" data-id=\"8dfd1e6\" data-element_type=\"widget\" data-widget_type=\"text-editor.default\">\n\t\t\t\t<div class=\"elementor-widget-container\">\n\t\t\t\t\t\t\t<p><span style=\"font-weight: bold;\">JUAN IGNACIO GARC\u00c9S GREGORIO<\/span>\u00a0\u2013 Universidad de Zaragoza<br \/><span style=\"letter-spacing: 0em;\"><span style=\"font-weight: bold;\">LAURA REY BARROSO<\/span>\u00a0\u2013\u00a0<\/span><span style=\"letter-spacing: 0em;\">Universitat Polit\u00e8cnica de Catalunya<br \/><\/span><span style=\"letter-spacing: 0em; font-weight: bold;\">MANUEL JOAQUIM BASTOS MARQU\u00c9S<\/span><span style=\"letter-spacing: 0em;\">\u00a0<\/span><span style=\"letter-spacing: 0em;\">\u2013 Universidad do Porto, Portugal<br \/><\/span><span style=\"font-weight: bold;\">MANUEL LOPEZ-AMO<\/span>\u00a0\u2013 Universidad P\u00fablica de Navarra<br \/><span style=\"letter-spacing: 0em;\"><span style=\"font-weight: bold;\">MARIA BALLESTA GARCIA<\/span>\u00a0\u2013\u00a0<\/span><span style=\"letter-spacing: 0em;\">Universitat Polit\u00e8cnica de Catalunya<br \/><\/span><span style=\"font-weight: bold;\">MAR\u00cdA DEL CARMEN BAO VARELA<\/span>\u00a0\u2013 Universidade de Santiago de Compostela<br \/><span style=\"font-weight: bold;\">MAR\u00cdA TERESA FLORES ARIAS<\/span>\u00a0\u2013 Universidade de Santiago de Compostela<br \/><span style=\"font-weight: bold;\">MARTINA DELGADO PINAR<\/span>\u00a0\u2013 Universitat de Val\u00e8ncia<br \/><span style=\"font-weight: bold;\">MIGUEL GONZ\u00c1LEZ HERR\u00c1EZ<\/span>\u00a0\u2013 Universidad de Alcal\u00e1 de Henares<br \/><b style=\"letter-spacing: 0em;\">MIGUEL VICENTE ANDR\u00c9S BOU<\/b><span style=\"letter-spacing: 0em;\">\u00a0\u2013 Universitat de\u00a0<\/span><span style=\"letter-spacing: 0em;\">Val\u00e8ncia<br \/><\/span><span style=\"font-weight: bold;\">OSCAR ESTEBAN MART\u00cdNEZ<\/span>\u00a0\u2013 Universidad de Alcal\u00e1 de Henares<br \/><span style=\"font-weight: bold;\">PABLO GARC\u00cdA G\u00d3MEZ<\/span>\u00a0\u2013 Beamagine S.L.<br \/><span style=\"letter-spacing: 0em;\"><span style=\"font-weight: bold;\">PEDRO CORREDERA GUILL\u00c9N<\/span><\/span>\u00a0\u2013 Instituto de \u00d3ptica, CSIC<br \/><b style=\"letter-spacing: 0em;\">RAFAEL P\u00c9REZ JIM\u00c9NEZ<\/b><span style=\"letter-spacing: 0em;\"> \u2013 Universidad de Las Palmas de Gran Canaria<br \/><\/span><span style=\"font-weight: bold;\">ROSA ANA P\u00c9REZ HERRERA\u00a0<\/span>\u2013\u00a0Universidad P\u00fablica de Navarra<br \/><span style=\"font-weight: bold;\">SALVADOR SALES MAICAS<\/span>\u00a0\u2013 Universitat Polit\u00e8cnica de Val\u00e8ncia<br \/><span style=\"font-weight: bold;\">SANTIAGO MIGUEL OLAIZOLA<\/span>\u00a0\u2013 CEIT Universidad de Navarra<br \/><b style=\"letter-spacing: 0em;\">XABIER QUINTANA ARREGU<\/b><span style=\"letter-spacing: 0em;\"> \u2013 Universidad Polit\u00e9cnica de Madrid<\/span><\/p><p>\u00a0<\/p><p>\u00a0<\/p>\t\t\t\t\t\t<\/div>\n\t\t\t\t<\/div>\n\t\t\t\t\t<\/div>\n\t\t<\/div>\n\t\t\t\t\t<\/div>\n\t\t<\/section>\n\t\t\t\t<\/div>\n\t\t","protected":false},"excerpt":{"rendered":"<p>EL CONGRESO Comit\u00e9 Cient\u00edfico Alejandro Carballar Rinc\u00f3n PRESIDENTE Santiago Royo Royo VICEPRESIDENTE Sonia Mart\u00edn L\u00f3pez SECRETARIA Vocales comit\u00e9 ALEJANDRO CARBALLAR RINC\u00d3N \u00a0 \u2013 Universidad de SevillaANA ISABEL G\u00d3MEZ VARELA \u00a0\u2013\u00a0 Universidade de Santiago de CompostelaANTONIO D\u00cdEZ CREMADES \u2013 Universitat de Val\u00e8nciaANTONIO PUERTA NOTARIO \u2013 Universidad de M\u00e1lagaAUGUSTO BEL\u00c9NDEZ V\u00c1ZQUEZ \u2013 Universitat d&#8217;AlacantBEATRIZ SANTAMAR\u00cdA FERN\u00c1NDEZ \u00a0\u2013 Universidad Polit\u00e9cnica de MadridCARMEN V\u00c1ZQUEZ GARC\u00cdA \u2013 Universidad Carlos III de MadridENRIQUE CARRETERO CHAMARRO\u00a0\u2013 Universidad de ZaragozaFRANCISCO JAVIER BURGOS FERN\u00c1NDEZ \u2013\u00a0Universitat Polit\u00e8cnica de CatalunyaFRANCISCO JAVIER FRAILE PEL\u00c1EZ \u2013 Universidade de VigoGABRIEL JUNYENT GIRALT \u2013 Universitat Polit\u00e8cnica de CatalunyaIGNACIO ESQUIVIAS MOSCARD\u00d3 \u2013 Universidad Polit\u00e9cnica de MadridIGNACIO MORENO SORIANO \u2013 Universidad Miguel Hern\u00e1ndez de ElcheI\u00d1IGO MOLINA FERN\u00c1NDEZ \u2013 Universidad de M\u00e1lagaJOS\u00c9 ANTONIO L\u00c1ZARO VILLA\u00a0\u2013 Universitat Polit\u00e8cnica de CatalunyaJOS\u00c9 MANUEL S\u00c1NCHEZ PENA\u00a0\u2013 Universidad Carlos III de MadridJOSEBA ZUBIA ZABALLA \u2013 Universidad del Pa\u00eds Vasco \/ Euskal Herriko UnibertsitateaJUAN DIEGO ANIA CASTA\u00d1\u00d3N\u00a0\u2013 Instituto de \u00d3ptica, CSIC \u00a0 JUAN IGNACIO GARC\u00c9S GREGORIO\u00a0\u2013 Universidad de ZaragozaLAURA REY BARROSO\u00a0\u2013\u00a0Universitat Polit\u00e8cnica de CatalunyaMANUEL JOAQUIM BASTOS MARQU\u00c9S\u00a0\u2013 Universidad do Porto, PortugalMANUEL LOPEZ-AMO\u00a0\u2013 Universidad P\u00fablica de NavarraMARIA BALLESTA GARCIA\u00a0\u2013\u00a0Universitat Polit\u00e8cnica de CatalunyaMAR\u00cdA DEL CARMEN BAO VARELA\u00a0\u2013 Universidade de Santiago de CompostelaMAR\u00cdA TERESA FLORES ARIAS\u00a0\u2013 Universidade de Santiago de CompostelaMARTINA DELGADO PINAR\u00a0\u2013 Universitat de Val\u00e8nciaMIGUEL GONZ\u00c1LEZ HERR\u00c1EZ\u00a0\u2013 Universidad de Alcal\u00e1 de HenaresMIGUEL VICENTE ANDR\u00c9S BOU\u00a0\u2013 Universitat de\u00a0Val\u00e8nciaOSCAR ESTEBAN MART\u00cdNEZ\u00a0\u2013 Universidad de Alcal\u00e1 de HenaresPABLO GARC\u00cdA G\u00d3MEZ\u00a0\u2013 Beamagine S.L.PEDRO CORREDERA GUILL\u00c9N\u00a0\u2013 Instituto de \u00d3ptica, CSICRAFAEL P\u00c9REZ JIM\u00c9NEZ \u2013 Universidad de Las Palmas de Gran CanariaROSA ANA P\u00c9REZ HERRERA\u00a0\u2013\u00a0Universidad P\u00fablica de NavarraSALVADOR SALES MAICAS\u00a0\u2013 Universitat Polit\u00e8cnica de Val\u00e8nciaSANTIAGO MIGUEL OLAIZOLA\u00a0\u2013 CEIT Universidad de NavarraXABIER QUINTANA ARREGU \u2013 Universidad Polit\u00e9cnica de Madrid \u00a0 \u00a0<\/p>\n","protected":false},"author":1,"featured_media":0,"parent":0,"menu_order":0,"comment_status":"closed","ping_status":"closed","template":"","meta":{"footnotes":""},"class_list":["post-7454","page","type-page","status-publish","hentry","post-no-thumbnail"],"_links":{"self":[{"href":"https:\/\/optoel.es\/2025\/wp-json\/wp\/v2\/pages\/7454"}],"collection":[{"href":"https:\/\/optoel.es\/2025\/wp-json\/wp\/v2\/pages"}],"about":[{"href":"https:\/\/optoel.es\/2025\/wp-json\/wp\/v2\/types\/page"}],"author":[{"embeddable":true,"href":"https:\/\/optoel.es\/2025\/wp-json\/wp\/v2\/users\/1"}],"replies":[{"embeddable":true,"href":"https:\/\/optoel.es\/2025\/wp-json\/wp\/v2\/comments?post=7454"}],"version-history":[{"count":88,"href":"https:\/\/optoel.es\/2025\/wp-json\/wp\/v2\/pages\/7454\/revisions"}],"predecessor-version":[{"id":8757,"href":"https:\/\/optoel.es\/2025\/wp-json\/wp\/v2\/pages\/7454\/revisions\/8757"}],"wp:attachment":[{"href":"https:\/\/optoel.es\/2025\/wp-json\/wp\/v2\/media?parent=7454"}],"curies":[{"name":"wp","href":"https:\/\/api.w.org\/{rel}","templated":true}]}}